 digit of b?
2
Let v(l) = -l**3 - 12*l**2. Let b be v(-12). Suppose b = -2*s - 2*c + 88, 4*s - 161 = -c - 0*c. Let r = s - 25. What is the units digit of r?
4
What is the ten thousands digit of (-19884)/8*456/(-57)?
1
Let c be 3 + -1 + -3 + 3. Suppose c*b = -3 - 17. Let w = b - -124. What is the tens digit of w?
1
What is the units digit of 5*99612/(-150)*10/(-4)?
1
Suppose 1616387 + 1239997 = 116*m. What is the hundreds digit of m?
6
What is the thousands digit of 38/646 + 4/(272/227116)?
3
What is the tens digit of 2332/66*(-516)/(-8)?
7
Suppose 0 = 38*d - 34*d + 312. What is the units digit of ((-28)/21)/(1/d)?
4
Let u = -44 + 86. Let p = 36 - u. What is the units digit of ((-490)/18 - p/27)*-1?
7
Let d = 4139 + -1434. What is the units digit of d?
5
Suppose 5*u - 5*j = 31805, -j + 6754 = 3*u - 12341. What is the units digit of u?
4
Let a = -221 + 226. Suppose -3*g - 2*b = -40, 4*g - 16 = a*b + 68. What is the units digit of g?
6
Let q(u) = 31*u + 28*u + 17 - 65*u. What is the units digit of q(-6)?
3
Let w = -12946 - -18476. What is the units digit of w?
0
Let w be -5 + 3 - 7 - 2. Let p(h) be the first derivative of -h**3/3 - 6*h**2 + 12*h + 26. What is the units digit of p(w)?
3
Suppose -13*l + 395024 = 38*l - 352177. What is the tens digit of l?
5
Let w(f) = 2*f**2 - 99*f - 105. Let t be w(42). Let k = -381 - t. What is the tens digit of k?
5
Suppose 2*n = -h + 4 + 20, -2*h + 3*n + 62 = 0. Let c = 440 - h. What is the tens digit of c?
1
Let l = -2 + 8. Suppose -l*x = 18126 + 8874. What is the hundreds digit of 4/(-14) + x/(-21)?
2
Suppose 2166 = 5*b - 5*n - 1304, 5*b - 3449 = -2*n. Let y = b + -431. What is the units digit of y?
0
Suppose f + 3 = -0*f, -3*f = c + 7. Suppose 0 = -3*a - h + 301, 4*a + c*h = 3*h + 413. What is the units digit of a?
2
Suppose -a + 172 = 3*a. Let f be (-1)/(45/(-10)) + a/9. Suppose -f*p + 500 = -p. What is the units digit of p?
5
Suppose 44*a - 217375 = -2*a - a. What is the thousands digit of a?
4
Let m = -69 + -543. Let d = m + 645. What is the units digit of d?
3
What is the units digit of (54/(-297))/((-1)/(-11)) - -3451?
9
Suppose -p + 8*p + 42 = 0. Let r(n) = -5*n**2 - 11*n + 26. Let u(k) = -k**2 - k. Let h(s) = p*u(s) + r(s). What is the tens digit of h(11)?
9
Suppose l + 1115 = 4*r, -r + 5*l + 278 = 4*l. Suppose 286*w - 5229 = r*w. What is the tens digit of w?
4
Suppose 7*l = -l + 1840. Suppose 5*z + l = -155. Let r = 26 - z. What is the hundreds digit of r?
1
Let y(n) = -3*n**3 - 8*n**2 - 8*n - 12. Let d(k) = -k**2 + 24*k - 19. Let c be d(9). Let r = 111 - c. What is the units digit of y(r)?
3
Suppose 0 = -3*t - 5*v + 74296, -5*t - 14*t - 5*v + 470728 = 0. What is the ten thousands digit of t?
2
Let r(p) = -8*p**3 + 9*p**2 - 23*p. Let t(l) = -24*l**3 + 26*l**2 - 68*l. Let g(d) = -17*r(d) + 6*t(d). What is the units digit of g(-5)?
0
Suppose -6613 = 12*o + 5*o. Let i = 584 + o. What is the tens digit of i?
9
Let x = 9160 - 6498. What is the thousands digit of x?
2
Let a(r) = 52*r**3 - 3*r**2 + 2*r - 2. Let t = 115 + -113. What is the hundreds digit of a(t)?
4
Let h(b) = b**3 + 12*b**2 + 3*b - 14. Let x be h(-11). Suppose -4*t - 46 + x = 0. What is the units digit of t?
7
Let t be (6/5)/(66/165). Let a be 572/99 - 4/(-18). What is the tens digit of ((-4)/a)/((-2784)/927 + t)?
0
Suppose 23*w - 24*w - 5 = 0, -54676 = -3*i - w. What is the ten thousands digit of i?
1
Let o(z) = 12 - 46*z + 24*z + 20*z + z**2. Let g be o(4). Suppose -n + g = 10. What is the units digit of n?
0
Suppose -5*h - 15*l + 10*l - 1560 = 0, 0 = 3*h - 4*l + 943. Let p(s) = 44*s - 3. Let k be p(-5). Let b = k - h. What is the units digit of b?
0
Let g(m) = -m**2 + 14*m - 51. Let o be g(7). Let y(u) = -26*u + 3. Let i be y(o). Suppose -23 = -3*f + i. What is the tens digit of f?
2
Let q(r) = -r**3 + 49*r**2 + 32*r + 22. What is the thousands digit of q(41)?
4
Let v = -3468 - -21374. What is the hundreds digit of v?
9
Suppose k + 8*j = 5*j + 288, -7*k + 2084 = 4*j. Suppose 60 = -3*y + 675. Let s = k - y. What is the units digit of s?
5
Let n = 4578 + 11953. What is the thousands digit of n?
6
Let n = -2 + 14. Let j = n - 13. What is the tens digit of (j - 24/(-9))*51?
8
Let h(a) = -5692*a + 5. What is the hundreds digit of h(-1)?
6
Let j(r) = -3*r + 9. Let i be j(-9). Suppose -7*k + i = -629. Suppose -b - k = -2*b. What is the tens digit of b?
9
Suppose 14*p = 4014 + 1208. Suppose 5*o + p = 1363. What is the hundreds digit of o?
1
Suppose -f + 6934 = -3*p, 0 = -3*p + 165 - 171. What is the units digit of f?
8
Let l = 8969 + 4714. What is the tens digit of l?
8
Let m(b) = -b**3 + 88*b**2 - 278*b + 7. What is the units digit of m(83)?
8
Let d(c) = 31 - 16*c**2 - 57*c**3 - 2*c + 0*c + 58*c**3. Let j be d(16). What is the units digit of j/5 + (-1698)/(-15) + 3?
6
Let r be (3/(-4))/((-9)/36). Suppose g + 2356 = r*i, g = -4*i - 0*g + 3132. What is the tens digit of i?
8
Suppose 0 = 2*q - 2*y + 372, 2*q + 5*y + 162 = q. Let f = 20 - q. Let s = f - 59. What is the units digit of s?
3
Let f = -10691 + 31603. What is the ten thousands digit of f?
2
Suppose 3*a + 80 = 287. Suppose -j = 3, 2*k + 3*j + a - 384 = 0. What is the units digit of k?
2
Suppose 3*p = 6*p - 966. Suppose 3*b - 474 = -t + 4*t, -t = 2*b - p. What is the hundreds digit of b?
1
Suppose -10*l + 189 = 49. Suppose -3*g + l = -244. Suppose 5*y = 2*r + r + 430, -g = -y - 3*r. What is the tens digit of y?
8
Suppose 15*l + 55 = 11*l + 5*u, 2*u = 3*l + 43. Let k = l + 336. What is the units digit of k?
1
Let q be (-66746)/(-69) + (-5)/(-3). Let o = 1825 - q. What is the tens digit of o?
5
Suppose 0 = 5*o - 4*q - 105246, -533*o + 530*o - 5*q = -63118. What is the units digit of o?
6
Let u(w) = 2*w - 30. Let g be u(16). Suppose 0*h + g*h = -20. Let o(m) = -5*m + 24. What is the units digit of o(h)?
4
Suppose 4*x + 146 = 3*m, 2*m - 5*m + 2*x + 136 = 0. Suppose 10*k + m = 16*k. What is the units digit of k?
7
Let o = -100885 + 143258. What is the ten thousands digit of o?
4
Suppose -59*k - 32 = -55*k, 3*b - 5*k - 88324 = 0. What is the tens digit of b?
2
Suppose -11780 = -25*n - 2655. Suppose -5*f - 4*v = -2017, -3*v - n - 451 = -2*f. What is the units digit of f?
5
Suppose 0 = 146*k - 2251543 - 883077. What is the tens digit of k?
7
Let t = 511 + -325. Suppose 5*a - t = 5*z - 1216, -a - 1034 = -5*z. What is the units digit of z?
7
Suppose -193*s - 23*s = -5857920. What is the thousands digit of s?
7
Suppose -4*q = -a - 2*a - 4, 2*a = -2*q + 16. Suppose -2655 = -0*u - 5*u - 5*z, 5*u + q*z = 2650. What is the units digit of u?
6
Suppose 7*p + 1754 - 229843 - 67164 = 0. What is the hundreds digit of p?
1
Suppose 0 = 4*h - 13 + 1. Let t(k) = 1. Let b(l) = 23*l + 14. Let z(j) = b(j) - 4*t(j). What is the tens digit of z(h)?
7
What is the tens digit of (-500)/1125 - (-1536258)/27?
9
Suppose 2*y = -3*p + 12, 3*y - 4*y + 3*p + 24 = 0. Let k(z) = 42*z - 125. What is the tens digit of k(y)?
7
Let k = 1533 + 2367. What is the units digit of k?
0
Let r be 0*((-4)/(-26) + (-22)/(-26)). Suppose 6*h + r - 300 = 0. Let y = h - 13. What is the units digit of y?
7
Let x = -88 + 3369. What is the thousands digit of x?
3
What is the ten thousands digit of (-18209)/((-12 - 3) + 14)?
1
Let i = -77 - -35. What is the units digit of (-1 + 4)/(i/(-7168))?
2
Let a be (5/(-1) - -6)*(409 - 1). Let o = a - 68. Suppose 0 = -5*m - 5*d + 1210, 4*m - 5*d = 1290 - o. What is the units digit of m?
0
Let m(x) = 106*x**2 + 1. Let k = -792 + 790. What is the hundreds digit of m(k)?
4
Suppose 2*q + 2*g + 0*g = 94, 0 = -4*g + 8. Let t = 39 - q. Let z(d) = 2*d**2 + 4*d - 10. What is the units digit of z(t)?
8
Suppose -3*u = 2*a - 33, 3*u = 5*u - 6. Suppose 0 = 5*t - 0*t + 4*z + 16, -a = -t + 3*z. Suppose t*c + 4*c = 300. What is the units digit of c?
5
Suppose 0 = -k - 29*f + 33*f + 10, -3*k - f = -43. Let p(s) = 3*s**2 + 22*s - 14. What is the hundreds digit of p(k)?
8
Let v be (0 - 0)*17/51. Suppose 5*x - 19 + 9 = v. What is the units digit of x?
2
Let o = -137 + 135. What is the units digit of ((-64)/224)/(o/35)?
5
Let z(h) = -10*h - 36. Let c be z(-3). What is the units digit of (-4)/c - (1118/(-6) + -1)?
8
Suppose -112*z - 21300 = -408075 - 115545. What is the units digit of z?
5
Let k be (-60)/(-18)*1*(-3894)/(-4). Sup